{"id":11977,"date":"2024-03-07T15:10:56","date_gmt":"2024-03-07T14:10:56","guid":{"rendered":"https:\/\/www.promotio.sk\/shop\/nezaraden\u00e9\/carola\/"},"modified":"2024-03-07T15:11:37","modified_gmt":"2024-03-07T14:11:37","slug":"carola","status":"publish","type":"product","link":"https:\/\/www.promotio.sk\/cs\/shop\/promo-items\/bags_travel\/bags\/carola\/","title":{"rendered":"CAROLA"},"content":{"rendered":"<p>Ta\u0161ka z recyklovan\u00e9ho filcu s designem Vigore je perfektn\u00ed volbou pro praktick\u00e9 a ekologick\u00e9 p\u0159en\u00e1\u0161en\u00ed va\u0161ich v\u011bc\u00ed. Tato ta\u0161ka je udr\u017eitelnou a ekologickou volbou.<\/p>\n<p>Design Vigore dod\u00e1v\u00e1 ta\u0161ce modern\u00ed a atraktivn\u00ed vzhled, dod\u00e1v\u00e1 j\u00ed styl a z\u00e1rove\u0148 p\u0159isp\u00edv\u00e1 k ochran\u011b \u017eivotn\u00edho prost\u0159ed\u00ed. Zes\u00edlen\u00e1 ucha o d\u00e9lce 70 cm nab\u00edzej\u00ed pohodl\u00ed a pevnost p\u0159i no\u0161en\u00ed ta\u0161ky a umo\u017e\u0148uj\u00ed pohodln\u00e9 no\u0161en\u00ed na rameni.<br \/>\nRecyklovan\u00e1 pls\u0165 pou\u017eit\u00e1 p\u0159i jeho v\u00fdrob\u011b je odoln\u00e1 a trvanliv\u00e1. Nav\u00edc nab\u00edz\u00ed dostatek prostoru pro organizovan\u00e9 ulo\u017een\u00ed va\u0161ich v\u011bc\u00ed.<\/p>\n<p>V\u00fdb\u011brem t\u00e9to recyklovan\u00e9 plst\u011bn\u00e9 ta\u0161ky pom\u00e1h\u00e1te sni\u017eovat dopad na \u017eivotn\u00ed prost\u0159ed\u00ed, proto\u017ee p\u0159i jej\u00ed v\u00fdrob\u011b byl pou\u017eit recyklovan\u00fd materi\u00e1l. Je to zp\u016fsob, jak uk\u00e1zat sv\u016fj z\u00e1vazek k udr\u017eitelnosti a propagovat uv\u011bdom\u011bl\u00fd \u017eivotn\u00ed styl.<br \/>\nZvolte ta\u0161ku z recyklovan\u00e9 plsti, kter\u00e1 v sob\u011b spojuje styl, funk\u010dnost a udr\u017eitelnost. Noste sv\u00e9 v\u011bci ekologicky a pomozte lidem zm\u011bnit sv\u011bt k lep\u0161\u00edmu!<br \/>Slo\u017een\u00ed: Fieltro reciclado<\/p>","protected":false},"excerpt":{"rendered":"<p>The bag made of recycled felt with a vigore design is the perfect option to carry your belongings in a<\/p>","protected":false},"featured_media":11978,"comment_status":"open","ping_status":"closed","template":"","meta":[],"product_cat":[304,298],"product_tag":[],"class_list":{"0":"post-11977","1":"product","2":"type-product","3":"status-publish","4":"has-post-thumbnail","6":"product_cat-bags","7":"product_cat-bags_travel","9":"first","10":"instock","11":"shipping-taxable","12":"purchasable","13":"product-type-variable"},"_links":{"self":[{"href":"https:\/\/www.promotio.sk\/cs\/wp-json\/wp\/v2\/product\/11977","targetHints":{"allow":["GET"]}}],"collection":[{"href":"https:\/\/www.promotio.sk\/cs\/wp-json\/wp\/v2\/product"}],"about":[{"href":"https:\/\/www.promotio.sk\/cs\/wp-json\/wp\/v2\/types\/product"}],"replies":[{"embeddable":true,"href":"https:\/\/www.promotio.sk\/cs\/wp-json\/wp\/v2\/comments?post=11977"}],"wp:featuredmedia":[{"embeddable":true,"href":"https:\/\/www.promotio.sk\/cs\/wp-json\/wp\/v2\/media\/11978"}],"wp:attachment":[{"href":"https:\/\/www.promotio.sk\/cs\/wp-json\/wp\/v2\/media?parent=11977"}],"wp:term":[{"taxonomy":"product_cat","embeddable":true,"href":"https:\/\/www.promotio.sk\/cs\/wp-json\/wp\/v2\/product_cat?post=11977"},{"taxonomy":"product_tag","embeddable":true,"href":"https:\/\/www.promotio.sk\/cs\/wp-json\/wp\/v2\/product_tag?post=11977"}],"curies":[{"name":"wp","href":"https:\/\/api.w.org\/{rel}","templated":true}]}}

https://www.promotio.sk/shop/nezaradené/carola/

<p>Taška z recyklovaného filcu s designem Vigore je perfektní volbou pro praktické a ekologické přenášení vašich věcí. Tato taška je udržitelnou a ekologickou volbou.</p>
<p>Design Vigore dodává tašce moderní a atraktivní vzhled, dodává jí styl a zároveň přispívá k ochraně životního prostředí. Zesílená ucha o délce 70 cm nabízejí pohodlí a pevnost při nošení tašky a umožňují pohodlné nošení na rameni.<br />
Recyklovaná plsť použitá při jeho výrobě je odolná a trvanlivá. Navíc nabízí dostatek prostoru pro organizované uložení vašich věcí.</p>
<p>Výběrem této recyklované plstěné tašky pomáháte snižovat dopad na životní prostředí, protože při její výrobě byl použit recyklovaný materiál. Je to způsob, jak ukázat svůj závazek k udržitelnosti a propagovat uvědomělý životní styl.<br />
Zvolte tašku z recyklované plsti, která v sobě spojuje styl, funkčnost a udržitelnost. Noste své věci ekologicky a pomozte lidem změnit svět k lepšímu!<br />Složení: Fieltro reciclado</p>
